{"id":1497,"date":"2025-09-20T13:50:00","date_gmt":"2025-09-20T10:50:00","guid":{"rendered":"https:\/\/www.srkvaki.fi\/?page_id=1497"},"modified":"2025-09-20T13:50:01","modified_gmt":"2025-09-20T10:50:01","slug":"eero-valento","status":"publish","type":"page","link":"https:\/\/www.srkvaki.fi\/index.php\/eero-valento\/","title":{"rendered":"Eero Valento"},"content":{"rendered":"\n<div class=\"wp-block-columns is-layout-flex wp-container-core-columns-is-layout-9d6595d7 wp-block-columns-is-layout-flex\">\n<div class=\"wp-block-column is-layout-flow wp-block-column-is-layout-flow\" style=\"flex-basis:33.33%\">\n<figure class=\"wp-block-image size-full\"><img loading=\"lazy\" decoding=\"async\" width=\"500\" height=\"750\" src=\"https:\/\/www.srkvaki.fi\/wp-content\/uploads\/2025\/09\/valento_eero2.jpg\" alt=\"\" class=\"wp-image-1498\" srcset=\"https:\/\/www.srkvaki.fi\/wp-content\/uploads\/2025\/09\/valento_eero2.jpg 500w, https:\/\/www.srkvaki.fi\/wp-content\/uploads\/2025\/09\/valento_eero2-200x300.jpg 200w\" sizes=\"auto, (max-width: 500px) 100vw, 500px\" \/><\/figure>\n<\/div>\n\n\n\n<div class=\"wp-block-column is-layout-flow wp-block-column-is-layout-flow\" style=\"flex-basis:66.66%\">\n<p>J\u00e4sen Yhteisess\u00e4 kirkkovaltuustossa<\/p>\n\n\n\n<p>J\u00e4sen Etel\u00e4isen seurakunnan seurakuntaneuvostossa<\/p>\n\n\n\n<p>Asuinpaikka: Koivistonkyl\u00e4<\/p>\n<\/div>\n<\/div>\n\n\n\n<p>Olen 78 -vuotias syntyper\u00e4inen tamperelainen, el\u00e4kkeell\u00e4 opetusty\u00f6st\u00e4 ja asun nyky\u00e4\u00e4n\u00a0 vaimon kanssa kahdestaan. Meill\u00e4 on 3 aikuista lasta, jotka siis asuvat muualla ja lastenlapsia on viisi. Harrastuksia on puutarhanhoito, lukeminen, kulttuuritapahtumissa k\u00e4ynti\u00a0 ja musiikin esitt\u00e4minen yhtyeess\u00e4ni Y\u00f6n Lyhdyt.<\/p>\n\n\n\n<p>Asuinpaikkamme on&nbsp; Koivistonkyl\u00e4&nbsp; ja olemme asuneet &nbsp;nykyisess\u00e4 osoitteessa vuoden 1987 lopusta l\u00e4htien. Alue kuului t\u00e4nne muuttaessamme Viinikan seurakuntaan. Olen ollut 2000 luvun alussa Viinikan seurakuntaneuvostossa ensin &nbsp;varaj\u00e4senen\u00e4 ja sitten varsinaisena j\u00e4senen\u00e4kin useamman kauden.<\/p>\n\n\n\n<p>Kolmen seurakunnan yhdistymisen j\u00e4lkeen olin Etel\u00e4isen seurakunnan seurakuntaneuvoston j\u00e4senen\u00e4 yhden kauden. Nykyisess\u00e4 seurakuntaneuvostossa olin ensin varaj\u00e4senen\u00e4 ja nyt viime aikoina varsinaisena j\u00e4senen\u00e4.<\/p>\n\n\n\n<p>Aikanaan vastustimme kovasti seurakuntien yhdist\u00e4mist\u00e4, mutta tappiollehan siin\u00e4 j\u00e4\u00e4tiin. T\u00e4rkein peruste yhdist\u00e4misille oli rahallinen s\u00e4\u00e4st\u00f6, jota ilmeisesti jonkin verran on tullut. Siit\u00e4 ei ole n\u00e4hty mit\u00e4\u00e4n tarkkoja laskelmia, mutta viitteit\u00e4 on kyll\u00e4 saatu. Nykyisist\u00e4 haasteista suurin on kirkosta eroaminen, tulojen v\u00e4heneminen ja siihen sitten liittyv\u00e4 tilojen ja henkil\u00f6st\u00f6n v\u00e4hent\u00e4misen tarve.<\/p>\n\n\n\n<p>Mit\u00e4 seurakunnassa voisi yritt\u00e4\u00e4 lis\u00e4t\u00e4 on ehk\u00e4&nbsp; saada enemm\u00e4n keskusteluyhteyksi\u00e4 seurakuntalaisten ja viranhaltijoiden v\u00e4lill\u00e4. Se ei v\u00e4ltt\u00e4m\u00e4tt\u00e4 lis\u00e4\u00e4 kustannuksia lainkaan.<\/p>\n\n\n\n<p><strong>Motto:\u00a0<\/strong>Osallistumalla saa enemm\u00e4n aikaan kuin tekem\u00e4tt\u00e4 j\u00e4tt\u00e4m\u00e4ll\u00e4. Yritet\u00e4\u00e4n pit\u00e4\u00e4 katto korkealla ja sein\u00e4t leve\u00e4ll\u00e4 ja antaa ihmisille kokemus, ett\u00e4 kirkko on ihmist\u00e4 varten.<\/p>\n","protected":false},"excerpt":{"rendered":"<p>J\u00e4sen Yhteisess\u00e4 kirkkovaltuustossa J\u00e4sen Etel\u00e4isen seurakunnan seurakuntaneuvostossa Asuinpaikka: Koivistonkyl\u00e4 Olen 78 -vuotias syntyper\u00e4inen tamperelainen, el\u00e4kkeell\u00e4<\/p>\n","protected":false},"author":1,"featured_media":0,"parent":0,"menu_order":0,"comment_status":"closed","ping_status":"closed","template":"","meta":{"footnotes":""},"class_list":["post-1497","page","type-page","status-publish","hentry"],"_links":{"self":[{"href":"https:\/\/www.srkvaki.fi\/index.php\/wp-json\/wp\/v2\/pages\/1497","targetHints":{"allow":["GET"]}}],"collection":[{"href":"https:\/\/www.srkvaki.fi\/index.php\/wp-json\/wp\/v2\/pages"}],"about":[{"href":"https:\/\/www.srkvaki.fi\/index.php\/wp-json\/wp\/v2\/types\/page"}],"author":[{"embeddable":true,"href":"https:\/\/www.srkvaki.fi\/index.php\/wp-json\/wp\/v2\/users\/1"}],"replies":[{"embeddable":true,"href":"https:\/\/www.srkvaki.fi\/index.php\/wp-json\/wp\/v2\/comments?post=1497"}],"version-history":[{"count":1,"href":"https:\/\/www.srkvaki.fi\/index.php\/wp-json\/wp\/v2\/pages\/1497\/revisions"}],"predecessor-version":[{"id":1499,"href":"https:\/\/www.srkvaki.fi\/index.php\/wp-json\/wp\/v2\/pages\/1497\/revisions\/1499"}],"wp:attachment":[{"href":"https:\/\/www.srkvaki.fi\/index.php\/wp-json\/wp\/v2\/media?parent=1497"}],"curies":[{"name":"wp","href":"https:\/\/api.w.org\/{rel}","templated":true}]}}