{"id":251,"date":"2023-04-08T15:53:22","date_gmt":"2023-04-08T15:53:22","guid":{"rendered":"https:\/\/www.srkvaki.fi\/?page_id=251"},"modified":"2024-08-10T20:26:00","modified_gmt":"2024-08-10T17:26:00","slug":"sirkka-simonen","status":"publish","type":"page","link":"https:\/\/www.srkvaki.fi\/index.php\/ryhmamme-edustajat-seurakuntaneuvostoissa\/sirkka-simonen\/","title":{"rendered":"Sirkka Simonen"},"content":{"rendered":"\n<div class=\"wp-block-columns is-layout-flex wp-container-core-columns-is-layout-9d6595d7 wp-block-columns-is-layout-flex\">\n<div class=\"wp-block-column is-layout-flow wp-block-column-is-layout-flow\" style=\"flex-basis:33.33%\">\n<figure class=\"wp-block-image size-full\"><img loading=\"lazy\" decoding=\"async\" width=\"260\" height=\"331\" src=\"https:\/\/www.srkvaki.fi\/wp-content\/uploads\/2023\/04\/sirkka_simonen_tuomiokirkkoseurakunta.jpg\" alt=\"\" class=\"wp-image-252\" srcset=\"https:\/\/www.srkvaki.fi\/wp-content\/uploads\/2023\/04\/sirkka_simonen_tuomiokirkkoseurakunta.jpg 260w, https:\/\/www.srkvaki.fi\/wp-content\/uploads\/2023\/04\/sirkka_simonen_tuomiokirkkoseurakunta-236x300.jpg 236w\" sizes=\"auto, (max-width: 260px) 100vw, 260px\" \/><\/figure>\n<\/div>\n\n\n\n<div class=\"wp-block-column is-layout-flow wp-block-column-is-layout-flow\" style=\"flex-basis:66.66%\">\n<p>J\u00e4sen Tuomiokirkkoseurakunnan seurakuntaneuvostossa<\/p>\n\n\n\n<p>Asuinpaikka: Kaakinmaa<\/p>\n\n\n\n<p>Arvo\/ammatti: Lastenl\u00e4\u00e4k\u00e4ri, pappi<\/p>\n<\/div>\n<\/div>\n\n\n\n<p>Olen 61-vuotias lastenl\u00e4\u00e4k\u00e4ri ja pappi Kaakinmaalta. Olen valmistunut lastenl\u00e4\u00e4k\u00e4riksi vuonna&nbsp;1996 ja olen siit\u00e4 l\u00e4htien ty\u00f6skennellyt yksityisl\u00e4\u00e4k\u00e4rin\u00e4. Ty\u00f6n ohessa opiskelin teologiaa,&nbsp;valmistuin teologian maisteriksi v 2003 ja papiksi minut vihittiin tammikuussa 2004. Sen j\u00e4lkeen&nbsp;olin vajaa kolme vuotta osa-aikaisena seurakuntapastorina Harjun seurakunnassa. Nyky\u00e4\u00e4n teen&nbsp;papin t\u00f6it\u00e4 vapaaehtoispohjalta, l\u00e4hinn\u00e4 kirkollisia toimituksia.<\/p>\n\n\n\n<p>Aiemmin olen ollut kahdesti silloisen Pyynikin srk:n seurakuntaneuvostossa. T\u00e4ll\u00e4 hetkell\u00e4 olen&nbsp;Aleksanterin kirkon aluefoorumissa, joka koostuu seurakuntalaisista ja ty\u00f6ntekij\u00f6ist\u00e4. Sen teht\u00e4v\u00e4&nbsp;on suunnitella ja my\u00f6s toteuttaa Aleksanterin kirkossa tapahtuvaa toimintaa. Se on my\u00f6s linkki&nbsp;alueen seurakuntalaisten ja ty\u00f6ntekij\u00f6iden v\u00e4lill\u00e4. N\u00e4en aluefoorumin ty\u00f6skentelyn t\u00e4rke\u00e4ksi ja&nbsp;yhteis\u00f6llisyytt\u00e4 lis\u00e4\u00e4v\u00e4ksi asiaksi.<\/p>\n\n\n\n<p>Itselleni sunnuntain perinteinen kello 10 messu on t\u00e4rkein seurakunnan tapahtuma \u2013 rikas liturgia,&nbsp;kaunis musiikki, yhteinen virren veisuu, Raamatun sana sek\u00e4 etenkin ehtoollinen on hengellisen&nbsp;el\u00e4m\u00e4ni perusta. Iloitsen siit\u00e4, ett\u00e4 messun j\u00e4lkeen kirkkokahveilla voi seurustella muiden kanssa.&nbsp;Usein k\u00e4yn my\u00f6s torstaisin Aleksanterin kirkon viikkomessussa. Mielest\u00e4ni Tampereen kokoisessa&nbsp;kaupungissa ehtoollisella k\u00e4ynti pit\u00e4isi olla mahdollista p\u00e4ivitt\u00e4in.<\/p>\n\n\n\n<p>Olen huolissani kristillisen kasvatuksen ja tapojen ohenemisesta sek\u00e4 kirkosta eroamisista. Nyt&nbsp;asetun ehdolle seurakuntaneuvostoon, koska haluan olla mukana vaikuttamassa kotiseurakuntani&nbsp;toimintaan ja p\u00e4\u00e4t\u00f6ksentekoon. Toivon, ett\u00e4 seurakunta olisi paikka, jossa jokainen kokisi olevansa&nbsp;arvokas ja hyv\u00e4ksytty, vaikka ajattelisimme asioista toisistamme poikkeavilla tavoilla.&nbsp;<\/p>\n\n\n\n<p>Mielest\u00e4ni&nbsp;meid\u00e4n tulisi enemm\u00e4n keskitty\u00e4 siihen, mik\u00e4 meit\u00e4 yhdist\u00e4\u00e4 kuin siihen, mist\u00e4 olemme erimielt\u00e4.<\/p>\n\n\n\n<p>Seurakunnan tulisi olla sellainen turvallinen paikka, jossa jokainen voisi olla reilusti kristitty.<\/p>\n","protected":false},"excerpt":{"rendered":"<p>J\u00e4sen Tuomiokirkkoseurakunnan seurakuntaneuvostossa Asuinpaikka: Kaakinmaa Arvo\/ammatti: Lastenl\u00e4\u00e4k\u00e4ri, pappi Olen 61-vuotias lastenl\u00e4\u00e4k\u00e4ri ja pappi Kaakinmaalta. Olen<\/p>\n","protected":false},"author":1,"featured_media":0,"parent":40,"menu_order":0,"comment_status":"closed","ping_status":"closed","template":"","meta":{"footnotes":""},"class_list":["post-251","page","type-page","status-publish","hentry"],"_links":{"self":[{"href":"https:\/\/www.srkvaki.fi\/index.php\/wp-json\/wp\/v2\/pages\/251","targetHints":{"allow":["GET"]}}],"collection":[{"href":"https:\/\/www.srkvaki.fi\/index.php\/wp-json\/wp\/v2\/pages"}],"about":[{"href":"https:\/\/www.srkvaki.fi\/index.php\/wp-json\/wp\/v2\/types\/page"}],"author":[{"embeddable":true,"href":"https:\/\/www.srkvaki.fi\/index.php\/wp-json\/wp\/v2\/users\/1"}],"replies":[{"embeddable":true,"href":"https:\/\/www.srkvaki.fi\/index.php\/wp-json\/wp\/v2\/comments?post=251"}],"version-history":[{"count":1,"href":"https:\/\/www.srkvaki.fi\/index.php\/wp-json\/wp\/v2\/pages\/251\/revisions"}],"predecessor-version":[{"id":253,"href":"https:\/\/www.srkvaki.fi\/index.php\/wp-json\/wp\/v2\/pages\/251\/revisions\/253"}],"up":[{"embeddable":true,"href":"https:\/\/www.srkvaki.fi\/index.php\/wp-json\/wp\/v2\/pages\/40"}],"wp:attachment":[{"href":"https:\/\/www.srkvaki.fi\/index.php\/wp-json\/wp\/v2\/media?parent=251"}],"curies":[{"name":"wp","href":"https:\/\/api.w.org\/{rel}","templated":true}]}}