{"id":273,"date":"2023-04-08T16:10:31","date_gmt":"2023-04-08T16:10:31","guid":{"rendered":"https:\/\/www.srkvaki.fi\/?page_id=273"},"modified":"2024-08-10T20:08:04","modified_gmt":"2024-08-10T17:08:04","slug":"tiina-eskelinen","status":"publish","type":"page","link":"https:\/\/www.srkvaki.fi\/index.php\/ryhmamme-edustajat-yhteisessa-kirkkovaltuustossa\/tiina-eskelinen\/","title":{"rendered":"Tiina Eskelinen"},"content":{"rendered":"\n<div class=\"wp-block-columns is-layout-flex wp-container-core-columns-is-layout-9d6595d7 wp-block-columns-is-layout-flex\">\n<div class=\"wp-block-column is-layout-flow wp-block-column-is-layout-flow\" style=\"flex-basis:33.33%\">\n<figure class=\"wp-block-image size-full\"><img loading=\"lazy\" decoding=\"async\" width=\"260\" height=\"331\" src=\"https:\/\/www.srkvaki.fi\/wp-content\/uploads\/2023\/04\/tiina_eskelinen_tuomiokirkkoseurakunta.jpg\" alt=\"\" class=\"wp-image-249\" srcset=\"https:\/\/www.srkvaki.fi\/wp-content\/uploads\/2023\/04\/tiina_eskelinen_tuomiokirkkoseurakunta.jpg 260w, https:\/\/www.srkvaki.fi\/wp-content\/uploads\/2023\/04\/tiina_eskelinen_tuomiokirkkoseurakunta-236x300.jpg 236w\" sizes=\"auto, (max-width: 260px) 100vw, 260px\" \/><\/figure>\n<\/div>\n\n\n\n<div class=\"wp-block-column is-layout-flow wp-block-column-is-layout-flow\" style=\"flex-basis:66.66%\">\n<p>Seurakunta: Tuomiokirkkoseurakunta<\/p>\n\n\n\n<p>J\u00e4sen Yhteisess\u00e4 kirkkovaltuustossa<\/p>\n\n\n\n<p>J\u00e4sen Tuomiokirkkoseurakunnan seurakuntaneuvostossa<\/p>\n\n\n\n<p>J\u00e4sen Yhteisess\u00e4 kirkkoneuvostossa<\/p>\n\n\n\n<p>Arvo\/ammatti: Teologian maisteri, lehtori, el\u00e4k.<\/p>\n<\/div>\n<\/div>\n\n\n\n<p>Olen el\u00e4kkeell\u00e4 oleva uskonnon, el\u00e4m\u00e4nkatsomustiedon ja ranskan opettaja. Ty\u00f6historiaani kuuluu my\u00f6s kolmen vuoden kausi Suomen l\u00e4hetysseuran ty\u00f6ntekij\u00e4n\u00e4 Ranskan Marseillessa sik\u00e4l\u00e4isten l\u00e4hinn\u00e4 pohjoisafrikkalaisten maahanmuuttajien parissa. Seurakunnan luottamushenkil\u00f6n\u00e4 olen toiminut jo pitk\u00e4\u00e4n, nyt p\u00e4\u00e4ttyv\u00e4ll\u00e4 kaudella Tuomiokirkkoseurakunnan seurakuntaneuvoston, Yhteisen kirkkovaltuuston ja Yhteisen kirkkoneuvoston j\u00e4senen\u00e4. Lis\u00e4ksi olen Tampereen hiippakuntavaltuuston j\u00e4sen sek\u00e4 tuomiokapitulin maallikkoj\u00e4sen.&nbsp;<\/p>\n\n\n\n<p>Sunnuntaisen Aleksanterin kirkon aamumessun lis\u00e4ksi osallistun Tampereen tuomasyhteis\u00f6n toimintaan monin tavoin. Milloin kolehdinker\u00e4\u00e4j\u00e4n\u00e4 tuomasmessussa&nbsp; tai ohjelmallisten tuomasiltojen tai retkien j\u00e4rjest\u00e4j\u00e4n\u00e4. Aleksanterin kirkko on, tuomasyhteis\u00f6n aloitteesta, ollut jo yli kymmenen vuotta ns. Avoin kirkko, mik\u00e4 tarkoittaa sit\u00e4, ett\u00e4 kirkon ovet ovat auki vapaaehtoisten p\u00e4ivyst\u00e4jien voimin joka arkip\u00e4iv\u00e4 klo 12-18.&nbsp; Olen ollut p\u00e4ivystysteht\u00e4viss\u00e4&nbsp; Avoin kirkko \u2013toiminnan alusta alkaen. T\u00e4llaiselle ruohonjuuritason aloitteellisuudelle ja&nbsp; toiminnalle on seurakunnissa yh\u00e4 enemm\u00e4n tarvetta niukkenevan talouden aikana. Luottamushenkil\u00f6n\u00e4 haluan p\u00e4\u00e4t\u00f6ksenteossa tuoda kuuluviin seurakuntalaisten \u00e4\u00e4nt\u00e4 ja odotuksia. Seurakuntalaisten osaamiselle ja lahjoille ty\u00f6ntekij\u00f6iden rinnalla on raivattava enemm\u00e4n tilaa. Osallisuus seurakunnassa mahdollistaa yhteis\u00f6llisyyden toteutumista, mik\u00e4 on hyv\u00e4\u00e4 l\u00e4\u00e4kett\u00e4 aikamme pirstoutumisesta ja individualismista seurannutta yksin\u00e4isyytt\u00e4 ja syrj\u00e4ytymist\u00e4 vastaan.<\/p>\n\n\n\n<p>Evankeliumi rakastavasta ja armahtavasta Jumalasta on koko seurakuntael\u00e4m\u00e4n perusta. Kirkosta vieraantuneiden kohtaaminen on kasvava haaste. Kirkon ytimess\u00e4 on my\u00f6s l\u00e4himm\u00e4isen rakastamisen velvoite. Diakoniaty\u00f6 ansaitsee sille kuuluvan erityisaseman, jotta tamperelainen avuntarvitsija l\u00f6yt\u00e4\u00e4 tilanteeseensa tukea ja apua. T\u00e4ss\u00e4 yhteisty\u00f6 kaupungin ja muiden toimijoiden kanssa on paikallaan.<\/p>\n\n\n\n<p>P\u00e4\u00e4t\u00f6ksenteossa on huomioitava lapset, jotta polku kasteesta lapsi- ja nuorisoty\u00f6n kautta t\u00e4ysivaltaiseen seurakunnan j\u00e4senyyteen olisi avoin.<\/p>\n\n\n\n<p>P\u00e4\u00e4t\u00f6ksenteossa tarvitaan l\u00e4pin\u00e4kyvyytt\u00e4, tasapuolisuutta ja my\u00f6s rohkeutta. My\u00f6s itsearviointi on t\u00e4rke\u00e4\u00e4 \u2013 tarpeen mukaan on osattava tehd\u00e4 korjausliikkeit\u00e4.&nbsp;<\/p>\n","protected":false},"excerpt":{"rendered":"<p>Seurakunta: Tuomiokirkkoseurakunta J\u00e4sen Yhteisess\u00e4 kirkkovaltuustossa J\u00e4sen Tuomiokirkkoseurakunnan seurakuntaneuvostossa J\u00e4sen Yhteisess\u00e4 kirkkoneuvostossa Arvo\/ammatti: Teologian maisteri, lehtori,<\/p>\n","protected":false},"author":1,"featured_media":0,"parent":36,"menu_order":0,"comment_status":"closed","ping_status":"closed","template":"","meta":{"footnotes":""},"class_list":["post-273","page","type-page","status-publish","hentry"],"_links":{"self":[{"href":"https:\/\/www.srkvaki.fi\/index.php\/wp-json\/wp\/v2\/pages\/273","targetHints":{"allow":["GET"]}}],"collection":[{"href":"https:\/\/www.srkvaki.fi\/index.php\/wp-json\/wp\/v2\/pages"}],"about":[{"href":"https:\/\/www.srkvaki.fi\/index.php\/wp-json\/wp\/v2\/types\/page"}],"author":[{"embeddable":true,"href":"https:\/\/www.srkvaki.fi\/index.php\/wp-json\/wp\/v2\/users\/1"}],"replies":[{"embeddable":true,"href":"https:\/\/www.srkvaki.fi\/index.php\/wp-json\/wp\/v2\/comments?post=273"}],"version-history":[{"count":1,"href":"https:\/\/www.srkvaki.fi\/index.php\/wp-json\/wp\/v2\/pages\/273\/revisions"}],"predecessor-version":[{"id":274,"href":"https:\/\/www.srkvaki.fi\/index.php\/wp-json\/wp\/v2\/pages\/273\/revisions\/274"}],"up":[{"embeddable":true,"href":"https:\/\/www.srkvaki.fi\/index.php\/wp-json\/wp\/v2\/pages\/36"}],"wp:attachment":[{"href":"https:\/\/www.srkvaki.fi\/index.php\/wp-json\/wp\/v2\/media?parent=273"}],"curies":[{"name":"wp","href":"https:\/\/api.w.org\/{rel}","templated":true}]}}