{"id":277,"date":"2023-04-08T16:15:14","date_gmt":"2023-04-08T16:15:14","guid":{"rendered":"https:\/\/www.srkvaki.fi\/?page_id=277"},"modified":"2024-08-10T20:08:17","modified_gmt":"2024-08-10T17:08:17","slug":"timo-vuorela","status":"publish","type":"page","link":"https:\/\/www.srkvaki.fi\/index.php\/ryhmamme-edustajat-yhteisessa-kirkkovaltuustossa\/timo-vuorela\/","title":{"rendered":"Timo Vuorela"},"content":{"rendered":"\n<div class=\"wp-block-columns is-layout-flex wp-container-core-columns-is-layout-9d6595d7 wp-block-columns-is-layout-flex\">\n<div class=\"wp-block-column is-layout-flow wp-block-column-is-layout-flow\" style=\"flex-basis:33.33%\">\n<figure class=\"wp-block-image size-full\"><img loading=\"lazy\" decoding=\"async\" width=\"260\" height=\"331\" src=\"https:\/\/www.srkvaki.fi\/wp-content\/uploads\/2023\/04\/Vuorela_Timo.jpg\" alt=\"\" class=\"wp-image-278\" srcset=\"https:\/\/www.srkvaki.fi\/wp-content\/uploads\/2023\/04\/Vuorela_Timo.jpg 260w, https:\/\/www.srkvaki.fi\/wp-content\/uploads\/2023\/04\/Vuorela_Timo-236x300.jpg 236w\" sizes=\"auto, (max-width: 260px) 100vw, 260px\" \/><\/figure>\n<\/div>\n\n\n\n<div class=\"wp-block-column is-layout-flow wp-block-column-is-layout-flow\" style=\"flex-basis:66.66%\">\n<p>Seurakunta: Tuomiokirkkoseurakunta<\/p>\n\n\n\n<p>J\u00e4sen Yhteisess\u00e4 kirkkovaltuustossa<\/p>\n\n\n\n<p>Varaj\u00e4sen Sairaalasielunhoidon johtokunnassa<\/p>\n\n\n\n<p>Arvo\/ammatti: L\u00e4\u00e4ketieteen lisensiaatti, diplomi-insin\u00f6\u00f6ri, l\u00e4\u00e4k\u00e4ri<\/p>\n<\/div>\n<\/div>\n\n\n\n<p>Olen 39-vuotias, leimaa vaille valmis fysiatrian erikoisl\u00e4\u00e4k\u00e4ri, syntyper\u00e4inen tamperelainen.<\/p>\n\n\n\n<p>Perheeseen kuuluu vaimoni lis\u00e4ksi nelj\u00e4 lasta vauvasta yl\u00e4asteik\u00e4iseen. Pihapiiriss\u00e4mme on pienen kotiel\u00e4inpihan verran&nbsp; kanoja, kaneja ja viiri\u00e4isi\u00e4.<\/p>\n\n\n\n<p>Seurakunnassa olen ollut aktiivisesti mukana n. 17 vuoden ajan Tampereen seurakuntien Uusi Verso -yhteis\u00f6ss\u00e4 erilaisissa teht\u00e4viss\u00e4 kahvinkeitosta, Alfa-kurssin vet\u00e4miseen, messujen juontamiseen sek\u00e4 erilaisissa projekteissa. Olen ollut seurakuntaneuvoston ja yhteisen kirkkovaltuuston j\u00e4sen kaudella 2019-2022.<\/p>\n\n\n\n<p>Kirkko ja seurakunta ilman Jeesusta ja Jumalan voimaa on vain yksi j\u00e4rjest\u00f6 tai harrastus muiden joukossa. Kirkon tulisikin kaikessa toiminnassaan kuljettaa palvelemisen, auttamisen ja inhimillisen k\u00e4rsimyksen lievitt\u00e4misen rinnalla sanomaa Jeesuksesta. Opetuksessa kirkon tulee toimia Raamatun viitoittamalla tavalla. Kirkolla on mahtava mahdollisuus konkreettisen auttamisen lis\u00e4ksi tuoda toivoa pimeyden keskelle, auttaa l\u00f6yt\u00e4m\u00e4\u00e4n el\u00e4m\u00e4n tarkoitus ja tukeva perustus sen rakentamiseen.Seurakunta on minulle koti ja sen saman kokemuksen haluaisin mahdollisimman monen saavan kokea. Seurakunnassa jokaisen tulisi olla osa kokonaisuutta, osallistuja ja tekij\u00e4, ei vain passiivinen katsoja. Uuden Verson toiminnassa olen kokenut kuinka yhdess\u00e4 olemme enemm\u00e4n ja mahdollistamalla vapaaehtoisten aktiivisuuden vastuuta jakamalla ei seuraa&nbsp;kaaosta vaan luovuus ja innostus p\u00e4\u00e4see valloilleen. Sellaisessa ilmapiiriss\u00e4 ihmisell\u00e4 on mahdollisuus l\u00f6yt\u00e4\u00e4 oma paikkansa ja omat lahjansa sek\u00e4 kasvaa Jumalan tuntemisessa.<\/p>\n","protected":false},"excerpt":{"rendered":"<p>Seurakunta: Tuomiokirkkoseurakunta J\u00e4sen Yhteisess\u00e4 kirkkovaltuustossa Varaj\u00e4sen Sairaalasielunhoidon johtokunnassa Arvo\/ammatti: L\u00e4\u00e4ketieteen lisensiaatti, diplomi-insin\u00f6\u00f6ri, l\u00e4\u00e4k\u00e4ri Olen 39-vuotias,<\/p>\n","protected":false},"author":1,"featured_media":0,"parent":36,"menu_order":0,"comment_status":"closed","ping_status":"closed","template":"","meta":{"footnotes":""},"class_list":["post-277","page","type-page","status-publish","hentry"],"_links":{"self":[{"href":"https:\/\/www.srkvaki.fi\/index.php\/wp-json\/wp\/v2\/pages\/277","targetHints":{"allow":["GET"]}}],"collection":[{"href":"https:\/\/www.srkvaki.fi\/index.php\/wp-json\/wp\/v2\/pages"}],"about":[{"href":"https:\/\/www.srkvaki.fi\/index.php\/wp-json\/wp\/v2\/types\/page"}],"author":[{"embeddable":true,"href":"https:\/\/www.srkvaki.fi\/index.php\/wp-json\/wp\/v2\/users\/1"}],"replies":[{"embeddable":true,"href":"https:\/\/www.srkvaki.fi\/index.php\/wp-json\/wp\/v2\/comments?post=277"}],"version-history":[{"count":1,"href":"https:\/\/www.srkvaki.fi\/index.php\/wp-json\/wp\/v2\/pages\/277\/revisions"}],"predecessor-version":[{"id":279,"href":"https:\/\/www.srkvaki.fi\/index.php\/wp-json\/wp\/v2\/pages\/277\/revisions\/279"}],"up":[{"embeddable":true,"href":"https:\/\/www.srkvaki.fi\/index.php\/wp-json\/wp\/v2\/pages\/36"}],"wp:attachment":[{"href":"https:\/\/www.srkvaki.fi\/index.php\/wp-json\/wp\/v2\/media?parent=277"}],"curies":[{"name":"wp","href":"https:\/\/api.w.org\/{rel}","templated":true}]}}