{"id":36,"date":"2023-04-08T11:43:54","date_gmt":"2023-04-08T11:43:54","guid":{"rendered":"https:\/\/www.srkvaki.fi\/?page_id=36"},"modified":"2025-09-20T14:08:41","modified_gmt":"2025-09-20T11:08:41","slug":"ryhmamme-edustajat-yhteisessa-kirkkovaltuustossa","status":"publish","type":"page","link":"https:\/\/www.srkvaki.fi\/index.php\/ryhmamme-edustajat-yhteisessa-kirkkovaltuustossa\/","title":{"rendered":"Ryhm\u00e4mme edustajat Yhteisess\u00e4 kirkkovaltuustossa"},"content":{"rendered":"\n<p class=\"has-medium-font-size\">Etel\u00e4inen seurakunta<\/p>\n\n\n\n<p><a href=\"https:\/\/www.srkvaki.fi\/index.php\/ryhmamme-edustajat-yhteisessa-kirkkovaltuustossa\/asko-alajoki\/\">Asko Alajoki<\/a><\/p>\n\n\n\n<p><a href=\"https:\/\/www.srkvaki.fi\/index.php\/ryhmamme-edustajat-yhteisessa-kirkkovaltuustossa\/taina-lampu\/\">Taina Lampu<\/a><\/p>\n\n\n\n<p><a href=\"https:\/\/www.srkvaki.fi\/index.php\/ryhmamme-edustajat-yhteisessa-kirkkovaltuustossa\/184-2\/\">Kalle M\u00e4ki<\/a><\/p>\n\n\n\n<p><a href=\"https:\/\/www.srkvaki.fi\/index.php\/ryhmamme-edustajat-yhteisessa-kirkkovaltuustossa\/antti-pitkamaki\/\">Antti Pitk\u00e4m\u00e4ki<\/a><\/p>\n\n\n\n<p class=\"has-medium-font-size\">Harjun seurakunta<\/p>\n\n\n\n<p><a href=\"https:\/\/www.srkvaki.fi\/index.php\/ryhmamme-edustajat-yhteisessa-kirkkovaltuustossa\/seija-alatalo\/\">Seija Alatalo<\/a><\/p>\n\n\n\n<p><a href=\"https:\/\/www.srkvaki.fi\/index.php\/ryhmamme-edustajat-yhteisessa-kirkkovaltuustossa\/anneli-hukari\/\">Anneli Hukari<\/a><\/p>\n\n\n\n<p><a href=\"https:\/\/www.srkvaki.fi\/index.php\/ryhmamme-edustajat-yhteisessa-kirkkovaltuustossa\/risto-salmela\/\">Risto Salmela<\/a><\/p>\n\n\n\n<p><a href=\"https:\/\/www.srkvaki.fi\/index.php\/juha-pekka-skytta\/\">Juha-Pekka Skytt\u00e4<\/a><\/p>\n\n\n\n<p class=\"has-medium-font-size\">Messukyl\u00e4n seurakunta<\/p>\n\n\n\n<p><a href=\"https:\/\/www.srkvaki.fi\/index.php\/ryhmamme-edustajat-yhteisessa-kirkkovaltuustossa\/sirpa-kuusela\/\">Sirpa Kuusela<\/a><\/p>\n\n\n\n<p><a href=\"https:\/\/www.srkvaki.fi\/index.php\/ryhmamme-edustajat-yhteisessa-kirkkovaltuustossa\/sirpa-pursiainen\/\">Sirpa Pursiainen-Hautala<\/a><\/p>\n\n\n\n<p class=\"has-medium-font-size\">Tuomiokirkkoseurakunta<\/p>\n\n\n\n<p>Pentti Arvola<\/p>\n\n\n\n<p><a href=\"https:\/\/www.srkvaki.fi\/index.php\/ryhmamme-edustajat-yhteisessa-kirkkovaltuustossa\/tiina-eskelinen\/\">Tiina Eskelinen<\/a><\/p>\n\n\n\n<p><a href=\"https:\/\/www.srkvaki.fi\/index.php\/ryhmamme-edustajat-yhteisessa-kirkkovaltuustossa\/riitta-sompa-hokkanen\/\">Riitta Sompa-Hokkanen<\/a><\/p>\n\n\n\n<p><a href=\"https:\/\/www.srkvaki.fi\/index.php\/ryhmamme-edustajat-yhteisessa-kirkkovaltuustossa\/timo-vuorela\/\">Timo Vuorela<\/a><\/p>\n","protected":false},"excerpt":{"rendered":"<p>Etel\u00e4inen seurakunta Asko Alajoki Taina Lampu Kalle M\u00e4ki Antti Pitk\u00e4m\u00e4ki Harjun seurakunta Seija Alatalo Anneli<\/p>\n","protected":false},"author":1,"featured_media":0,"parent":0,"menu_order":0,"comment_status":"closed","ping_status":"closed","template":"","meta":{"footnotes":""},"class_list":["post-36","page","type-page","status-publish","hentry"],"_links":{"self":[{"href":"https:\/\/www.srkvaki.fi\/index.php\/wp-json\/wp\/v2\/pages\/36","targetHints":{"allow":["GET"]}}],"collection":[{"href":"https:\/\/www.srkvaki.fi\/index.php\/wp-json\/wp\/v2\/pages"}],"about":[{"href":"https:\/\/www.srkvaki.fi\/index.php\/wp-json\/wp\/v2\/types\/page"}],"author":[{"embeddable":true,"href":"https:\/\/www.srkvaki.fi\/index.php\/wp-json\/wp\/v2\/users\/1"}],"replies":[{"embeddable":true,"href":"https:\/\/www.srkvaki.fi\/index.php\/wp-json\/wp\/v2\/comments?post=36"}],"version-history":[{"count":7,"href":"https:\/\/www.srkvaki.fi\/index.php\/wp-json\/wp\/v2\/pages\/36\/revisions"}],"predecessor-version":[{"id":1506,"href":"https:\/\/www.srkvaki.fi\/index.php\/wp-json\/wp\/v2\/pages\/36\/revisions\/1506"}],"wp:attachment":[{"href":"https:\/\/www.srkvaki.fi\/index.php\/wp-json\/wp\/v2\/media?parent=36"}],"curies":[{"name":"wp","href":"https:\/\/api.w.org\/{rel}","templated":true}]}}